
Suppose q = 5*b - 43, 2*q + b + 85 = -3*q. Let p = -9 - q. What is the highest common factor of 27 and p?
9
Suppose 0*s + 4*y = -2*s - 6, 0 = -2*y - 6. Let g be 0 + (-3 - (s - 8)). Suppose -g*i + 102 = -96. Calculate the highest common divisor of 9 and i.
9
Let j be ((-2)/3)/(10/(-45)). Suppose -j*p - p = -184. Let s = p - 30. Calculate the highest common factor of 112 and s.
16
Let d(o) = -4*o + 10. Let w be d(-6). What is the greatest common factor of w and 272?
34
Let u = 10 + -6. Suppose -24*b - 318 = -342. What is the greatest common divisor of b and u?
1
Suppose 0 = 4*o - n - 8469, -3*o = -3*n - 7826 + 1472. Calculate the highest common factor of o and 58.
29
Let t be (-54)/(2/(-4) + -1). Suppose 0 = 5*q + 2*a - 718, 4*q + 124 - 701 = a. Calculate the highest common divisor of t and q.
36
Let z(l) = l + 23. Let w be z(-8). Let x be (5/w)/(363/90 - 4). Calculate the highest common factor of 25 and x.
5
Let j = -492 + 503. What is the highest common divisor of j and 99?
11
Suppose 680 = -979*d + 996*d. What is the greatest common divisor of 980 and d?
20
Suppose -z = 5*p - 28, 3*p = -3*z + 22 + 2. Let w be (-3 - -5)/2 + z. What is the highest common factor of 20 and w?
4
Suppose -2*t - 2*t + 47 = -5*l, 55 = 4*t + 3*l. Suppose -14*w + 429 = 19*w. Calculate the highest common factor of w and t.
13
Let g(j) = j**2 + 2*j - 9. Let x be g(-6). Let f = x - -75. Let a = -9 + f. What is the greatest common divisor of 9 and a?
9
Let x be (-4 + 3)/((-3)/(-3)). Let o be -6 - (x - 0) - 2. Let k = o - -19. What is the highest common divisor of 36 and k?
12
Let a = -314 + 544. What is the greatest common factor of a and 10?
10
Let f(n) = -n**3 + 5*n**2 + n - 5. Let z be f(5). Suppose z = 3*s + 21 - 63. Let a be 1/(30/56 + 8/(-16)). Calculate the highest common factor of a and s.
14
Suppose 0 = 5*c - y - 1505, -4*c - 3*y - 39 = -1243. What is the greatest common divisor of c and 86?
43
Suppose -4*l - 3 = -15. Suppose 54 = l*k + k + 2*z, -2*z = 2*k - 26. Let x(g) = -16*g - 38. Let a be x(-5). Calculate the highest common divisor of k and a.
14
Let s(o) = -5*o + 34. Let r be s(5). Let z = r + 1. Calculate the greatest common factor of z and 50.
10
Let i be (57 + -45)*(-4)/(-6). What is the greatest common factor of 112 and i?
8
Let b = 25 + 78. Suppose -f + 5*z = -b - 132, 5*z = 2*f - 475. Suppose -f = -14*u + 10*u. What is the greatest common divisor of u and 24?
12
Suppose -3*q - 321 = -8*r + 5*r, -3*q = 9. Calculate the highest common divisor of r and 13.
13
Suppose -112 = -5*l + 73. Suppose 4*c + l = 3*n, 5*n - 2*c - 46 = n. Calculate the highest common factor of n and 55.
11
Let t be (1 + (-4)/(-2))/(9/15). Suppose -t*d = 4*q - 156, -4*d = -2*q + 20 + 32. What is the greatest common divisor of 85 and q?
17
Suppose -16455*l = -16435*l - 480. Suppose -5*u + 23 + 277 = 0. What is the highest common divisor of u and l?
12
Suppose 0*s - s + 15 = 0. Suppose -4*b + 8*f - 3*f = -405, 2*b - 3*f = 201. What is the highest common divisor of s and b?
15
Suppose -2*j + n + 425 = 0, 23*n - 21*n = -j + 200. What is the greatest common divisor of j and 30?
30
Suppose 525 = -596*j + 611*j. What is the highest common divisor of j and 203?
7
Let l(i) = -i**3 - i**2 + 3*i - 3. Let y be l(-4). Let v be ((-6)/3)/((-2)/(-4)). Let o be (6/v)/(3/(-6)). What is the greatest common factor of o and y?
3
Let z(w) = w**2 + 9*w + 14. Suppose 0 = 4*s + 3*s + 56. Let h be z(s). What is the greatest common divisor of 6 and h?
6
Let h be 752/(-12) + (-1)/((-9)/6). Let q = -54 - h. Calculate the greatest common divisor of 40 and q.
8
Let q be (-2*32)/(4 + -5). Suppose 6*i - q = -2*i. Calculate the highest common factor of 4 and i.
4
Let u(a) be the first derivative of 2*a**3/3 - 3*a**2/2 - 2*a + 8. Let k be u(-2). Calculate the highest common factor of k and 6.
6
Let q = 83 + -71. Suppose q*t - 1853 = -509. What is the greatest common divisor of 16 and t?
16
Let t(f) = f**2 - 2*f + 1. Let q be t(5). Let n(i) = -i**2 + 2*i + 5. Let a be n(5). Let w be 6/a - 203/(-5). Calculate the greatest common factor of q and w.
8
Let s = -32 - -71. Suppose -5*h = -4*h - 5*i - 24, -3*h = -4*i - s. What is the highest common factor of 45 and h?
9
Suppose 2*m - 14 = -2*a, 4*a = 3*m - 5 - 2. Suppose 3*n + 9 = 0, -k + m*n = k - 19. Let d be (32/5)/(k/40). Calculate the highest common factor of d and 16.
16
Let v(d) = -d**2 + 3*d + 24. Let i = 16 + -12. Let l be v(i). What is the highest common divisor of 4 and l?
4
Let l be 6/(-21) + (-1194)/(-14). Suppose -877 = -9*r - l. What is the highest common factor of r and 8?
8
Suppose p + 42 = -7. Let s = -27 - p. Let g = -18 + s. What is the highest common divisor of g and 44?
4
Suppose -3*t - 78 = 7*n - 2*n, 0 = 3*n + 2*t + 46. Let d be ((-56)/(-10))/(n/(-45)). Let j = -10 + 24. Calculate the greatest common factor of d and j.
14
Let m be 21505/33 + (-2)/3. Calculate the highest common divisor of 155 and m.
31
Let d(c) = -23*c - 1. Let k be d(-3). Suppose 5*x + 4*v = 101, 0 = 13*x - 11*x - 5*v - 14. What is the greatest common factor of x and k?
17
Let n = 4058 + -4016. Suppose 2*l + 3*x = 342, -2*l - 4*x - 664 = -6*l. Calculate the greatest common divisor of n and l.
42
Let n = 5 - 0. Suppose -5*a + n*f - 150 = 0, 0 = -4*f - 1 + 13. Let v be (-4)/((-51)/a + -2). What is the greatest common divisor of 90 and v?
18
Let s(k) = 2*k**2 + 2*k - 1. Let x be s(-2). Suppose 0*p - x*p + 66 = 0. Let j be -1*(-3 + 1 + -9). What is the greatest common factor of p and j?
11
Suppose 2*z - 22 = -2*n, -1 = n + 2*z + 2*z. Let q(v) = -12*v + 6. Let k = -25 - -23. Let r be q(k). Calculate the greatest common factor of r and n.
15
Let x be (0 + (-6)/(-14))*7. Let p(m) = 3*m**3 + 4*m**2 + m. Let y be p(x). Calculate the greatest common divisor of 80 and y.
40
Let r be ((-2366)/273)/(-1 - 14/(-18)). Calculate the greatest common divisor of r and 52.
13
Let h(s) = -188*s - 2. Let k be h(-1). Suppose -24 = 6*l - k. Let f be (1 + -2 + -8)/(-1). What is the greatest common factor of l and f?
9
Suppose 0 = 8*q + 7 + 1. Let a = q + 25. What is the greatest common divisor of 312 and a?
24
Suppose 10*i = 6*i + 92. Let y be (-3)/4 - (-1)/(-4). Let b = 45 - y. Calculate the greatest common divisor of b and i.
23
Let p be (-14)/(-4)*(3 + 7) + 0. Suppose p = 28*y - 23*y. What is the highest common factor of 28 and y?
7
Let j = 54 - 36. Suppose -44*t - 270 = -54*t. Calculate the greatest common divisor of j and t.
9
Suppose i = 2*z + 40, 0*z - 2*z - 184 = -4*i. Let t = -26 + i. What is the greatest common divisor of t and 154?
22
Suppose 4*t = -5*h + 2*h + 11, -5*t + 15 = 5*h. What is the greatest common divisor of 89 and h?
1
Suppose -8*j + 4 = -7*j. Suppose -7*r + j*r = -657. Suppose -236 - 60 = -4*m - 3*o, 3*o = -3*m + r. What is the greatest common factor of m and 7?
7
Let j = 0 + 2. Suppose o + 3*o = w - 53, 189 = 3*w - j*o. Suppose -7*p - 312 = -19*p. Calculate the highest common factor of p and w.
13
Suppose 0 = -11*w + 14*w - 99. Suppose -5*k + 4*k + 22 = 0. What is the highest common factor of w and k?
11
Let j be (-10)/6 - (-9 + (-23496)/36). Calculate the greatest common factor of j and 12.
12
Suppose -47*d + 36 = -11*d. Calculate the greatest common divisor of d and 49.
1
Suppose 4*r - 132 = -0. Let s = 56 - -327. Suppose 0*h + 3*h = -d + 375, -5*h + s = d. What is the greatest common factor of r and d?
33
Let d = 8 - 15. Let g = d - -14. What is the highest common factor of g and 77?
7
Let q(o) = -10*o - 10. Let j(g) = -20*g - 21. Let p(d) = -2*j(d) + 5*q(d). Let v be p(-6). What is the highest common divisor of v and 13?
13
Suppose -4211 = 3*y - 4406. Let o be (-1)/2 + 27/2. What is the highest common factor of o and y?
13
Let k(p) = -4*p - 7. Let i be k(-2). Suppose 0 = 3*c - a + 20, 3*c + 0*a - 3*a + 30 = 0. Let x = c - -6. Calculate the greatest common factor of i and x.
1
Let p = 923 - 921. Calculate the highest common divisor of p and 8.
2
Let t be (-1 + 5/3)*(-6 - -12). What is the highest common factor of t and 92?
4
Let o(p) = -3*p**3 - 4*p - 4. Let q be o(-3). Suppose q = 4*d - 3. What is the greatest common factor of 69 and d?
23
Suppose -162 = -7*b - 43. Suppose 4*w = -v + b, -w - 2*w = v - 18. Calculate the greatest common divisor of v and 3.
3
Let a = 10 - 9. Sup